2/2 - 411*a. What is w(1)?
8
Let a(s) = -s**3 - 6*s**2 - 6*s - 6. Suppose -c - 150 = -6*c. Suppose 2*f + 0 = -w - 13, 0 = -3*f - 5*w - c. What is a(f)?
-1
Let q(y) = -y**3 + 4*y**2 - 2*y + 4. Let o = -70 - -74. Suppose 0*m + 5*m - 28 = -4*u, -o*m + 4*u + 8 = 0. Give q(m).
-4
Let o(f) = f + 6. Let x be o(-5). Let p(d) = 0*d**3 - 5*d**2 + 3*d - d + d**3 + x + 2*d. Suppose -5*g + 1 = -z, -2*z - 11 = -4*z - 3*g. Give p(z).
1
Let t(w) = 0*w - 3 + 0*w - w + 5. Let g = 154 + -152. Determine t(g).
0
Let d = 1 - -1. Let o be ((-6)/12)/(d/(-48)). Let k be 4/o + 26/(-6). Let p(f) = f**2 + 4*f + 5. Give p(k).
5
Let l(k) = -k. Suppose -5 = 2*z - 11. Suppose 3*w + 0*h - z*h = 15, 0 = 5*w + h - 19. What is l(w)?
-4
Suppose -2*a + 14 = 2*i - 5*a, i = 2*a + 9. Suppose -5*f = 6*k - k + 25, -3*f + 3*k = -15. Let c(d) = 0*d + 12*d - 7*d + f*d. What is c(i)?
5
Let y(u) = -u + 21. Let m be (-110)/(-1540) + (-586)/(-28). What is y(m)?
0
Let s be (1/(-3))/(3/(-18)). Let b(y) = y**2 - y - 4*y**2 - 8 + s*y**2. Suppose 3*m - 2*u = -2, -m + 0*m + 5 = 5*u. Calculate b(m).
-8
Let i(f) = 0*f**2 - 3*f**2 + 8*f - 7*f**2 - 7*f. Suppose 3*o + 3*m = 6*o - 9, 0 = -2*o + 4*m + 10. Calculate i(o).
-9
Suppose -2*a + 3*b = 3 - 0, 10 = 2*b. Let k = -7 + a. Let y(x) = 0*x - 1 - 2*x + 3*x. Give y(k).
-2
Suppose 24*u + 0*u + 168 = 0. Let s(n) = 2*n**2 + 14*n - 5. What is s(u)?
-5
Let c(z) = -z - 5. Let f(o) = o + 10. Let p(r) = -5*c(r) - 3*f(r). Suppose -1 = g + 3*w, 2*g = 3*g + w + 9. Let k = 17 + g. Calculate p(k).
3
Let n be (-5)/2*(-138)/115. Let o(q) = -7*q + 60*q**n + 53*q**3 + 9*q**2 - 173*q**3 + 59*q**3 - 4. Let x be (-34)/(-4) - (-1)/(-2). Determine o(x).
4
Suppose r = -13 + 9. Let q(h) = h**3 + 4*h**2 - 5*h + 2. Give q(r).
22
Suppose -26 = -12385*a + 12372*a. Let o(c) be the third derivative of c**5/20 - c**4/12 + c**3/6 - c**2. Calculate o(a).
9
Let d(l) = -33*l - 30*l + l**2 + 72*l + 6. Suppose 4*n = -4*i - 8, -n - 3*n - 3*i = 12. Calculate d(n).
-12
Let w(g) = 78*g**3 - 13 + 3 - 4*g - 74*g**3. Let h = -5 + 10. Let o(u) = -5*u**3 - u**2 + 4*u + 11. Let t(i) = h*o(i) + 6*w(i). Determine t(-5).
15
Suppose 20 = -0*h + 5*h. Suppose -p = -h*p. Suppose 4 + p = 2*v. Let u(n) = -n**2 + 1. Determine u(v).
-3
Let h(w) = -w**3 - 2*w**2 - 4*w - 3. Let p be -4*(-4 - -2 - 3*3). Let y = -46 + p. Give h(y).
5
Let t(o) be the second derivative of -o**3/6 + o**2/2 + 7*o. Let c be t(2). Let f(g) be the second derivative of 3*g**3/2 + g**2/2 - 2*g. What is f(c)?
-8
Suppose 58 = -5*n + 4*r, -2*n - r - 24 = -3*r. Let o(p) = -p**2 - 13*p + 12. What is o(n)?
42
Let q = -33 - -35. Let g be (q - -1) + -14 + 16. Let b(u) = u + 7. Calculate b(g).
12
Let b(i) = -i**2 - 16. Let y be (5/10)/((-3)/(-30)). Suppose -y*j = 7*j. Calculate b(j).
-16
Let n(o) = 9 + 0*o - o - 2. Suppose -p = -3*q + 19, 2*p = -0*q - 5*q + 50. Let m = -2 + q. Calculate n(m).
1
Let u(d) = 3*d**2 - 725*d + 726*d - 4*d**2 - 1. Give u(2).
-3
Let b(o) = -7*o - 46. Let u be b(-6). Let a(n) = n + 1 + 1 + 4. Determine a(u).
2
Let t(a) = -a**2 - 5*a + 5. Let m be -2*1 + (-574)/(-14). Let s = m + -44. Determine t(s).
5
Let d(j) be the first derivative of -j**4/4 + 2*j**3 - j**2 + j + 19. Let w be (-2)/9 - (-224)/36. Let o be (8/(-4))/((-2)/w). What is d(o)?
-11
Let l be (5 - 26)/7 - -1. Let t(w) = w**2 + 2*w. Determine t(l).
0
Let j(q) = -2*q**2 - 2*q + 1. Suppose 0 = -24*v + 20*v + 2*h - 6, -5*h = -15. Determine j(v).
1
Let h(r) = -9*r + 3. Let y(l) = 13*l - 4. Let o(c) = 4*c - 5. Let g be o(3). Let n(t) = g*h(t) + 5*y(t). Let x be -3*(-3)/18*-2. Calculate n(x).
-1
Let t(c) = -20*c + 66. Let l(n) = -7*n + 22. Let x(a) = -8*l(a) + 3*t(a). Calculate x(6).
-2
Let a(m) = 532 + m - 1066 + 538. Calculate a(-4).
0
Let m(g) = -2*g - 9. Let k = 479 + -480. Calculate m(k).
-7
Let h(n) = -n**2 + 1. Suppose 3*y + 16 = 5*d + 2*y, 0 = -4*y - 4. Suppose 3 = 2*r - 9. Suppose -m = -d*m + r. Calculate h(m).
-8
Let m(d) = d**3 - 6*d**2 + d. Let f be m(6). Let s(t) be the first derivative of -9*t + 1/2*t**2 - 1. Determine s(f).
-3
Let b(r) be the second derivative of r**4/6 - r**2/2 + 24*r. Let j = 2 + 1. Let n(z) = 3*z**2 - z - 2. Let p(l) = j*n(l) - 4*b(l). Determine p(5).
8
Let h(g) = -2*g**3 - 12*g**2 - g + 10. Let f be h(-6). Let p(r) = -r**3 + 17*r**2 - 17*r + 23. Let z be p(f). Let t(n) = -n - 7. What is t(z)?
-14
Suppose -12 = -2*x - 2*x. Let s be (-4 + x)/(-2 - -1). Let o(z) = z - 1. Calculate o(s).
0
Let z(d) = 6*d**2 + 2*d. Let i be z(-1). Let j(h) = -1 + i - 2*h**2 - h - 3. What is j(1)?
-3
Let j(b) = -188*b**2 + 92*b**2 - 4*b - b**3 + 99*b**2. Let f = -2 + -4. Let y be (-2)/((-12)/(-3))*f. Calculate j(y).
-12
Let u(s) = 34*s - 140. Let p be u(4). Let r(v) = -10*v - 45. Calculate r(p).
-5
Let w be (-4 + 14/4)*2. Let b be (w - -2) + -4*1. Let n(k) = 2*k**3 + 4*k**2 - 2*k - 2. Determine n(b).
-14
Let n(w) = -w - 8. Let z be n(-10). Suppose -5*i = -5*c - 5, -5*c = -4*i + 7 - 4. Let o(v) = -v**2 + 2*v + 0*v**i + v. Give o(z).
2
Let m(n) = -3*n**3 + 16*n**2 - 18*n - 14. Let k(c) = -c**3 + 5*c**2 - 6*c - 5. Let p(w) = -11*k(w) + 4*m(w). Suppose -2*l + 0*l + 16 = 0. What is p(l)?
15
Suppose 260*p = 257*p + 39. Let d(g) = g**3 - 13*g**2 + g - 6. What is d(p)?
7
Let u(f) = -5*f - 10 + 2 + 4. Let o(s) = s + 1. Let m(c) = 3*o(c) + u(c). Give m(-4).
7
Let c be (-14)/10 + (-4)/(-10). Suppose 0 = 4*j + 4*p, -j = 2*p + p + 4. Let x(y) = j*y + 0*y - y + 10*y. What is x(c)?
-11
Let g(q) = 2*q - 14. Let t(b) = -4*b + 31. Let r(i) = -1. Let u(p) = 2*r(p) + t(p). Let z(y) = -5*g(y) - 2*u(y). What is z(8)?
-4
Let x = 97 - 99. Let z(p) = p**3 + p**2 + p - 3. Determine z(x).
-9
Suppose -q - 4*s = -9, 3 = 13*s - 12*s. Let k(c) = c + 6. What is k(q)?
3
Let r(x) = -x**3 + 39*x**2 - 35*x - 108. Let s be r(38). Let p(u) = u**3 - 6*u**2. What is p(s)?
0
Let n(r) = r - 1. Let f(c) = -5*c - 17. Let w be f(-5). Let m be 24/9*6/(-4). Let b be (-6)/w + (-7)/m. Determine n(b).
0
Let q(n) = -14*n. Suppose 0 = -0*d + 3*d + 18. Let i(c) = c**2 + 7*c + 11. Let w be i(d). Suppose -4 = -w*s - 9. Give q(s).
14
Let g(i) = i**3 + 8*i**2 + 9*i - 2. Suppose -3*t + 4*c = 3*c + 20, -12 = 2*t - 2*c. Calculate g(t).
-16
Suppose 9*g - 59 = -5. Let h(a) = -a**3 + 4*a**2 + 7*a - 1. Give h(g).
-31
Let x(k) = -3*k - 1. Let v(b) = 16*b + 2. Let r be v(6). Suppose -5*t - r = 12. Let g = -21 - t. Determine x(g).
-4
Let w(a) = -5*a - 4. Let h(j) = j. Let r(m) = 6*h(m) + w(m). Suppose -64*f = -62*f - 5*p - 13, 3*f + 4*p = 8. Determine r(f).
0
Let t(s) = -15 + 94 + 9*s + 18 - 40. What is t(-7)?
-6
Let h(r) = -5*r - 4. Let f(z) = 3*z + 2. Let y(g) = 5*f(g) + 2*h(g). Let a(k) = 6*k + 1. Let t = -14 - -9. Let d(q) = t*y(q) + 4*a(q). Give d(-4).
-2
Let o(t) = -134*t - 529. Let r be o(-4). Let h(g) = -2*g + 7. Calculate h(r).
-7
Let l be 24/20*15/9. Let q(s) = 21*s - l*s - 1 - s. Calculate q(1).
17
Let x(t) be the second derivative of -t**5/5 + t**4/6 - t**2/2 + 275*t. Calculate x(1).
-3
Let t be (7 - (11 + -5))*-3. Let p(q) be the third derivative of q**2 + 1/24*q**4 + 0 + 0*q - 1/6*q**3. Give p(t).
-4
Let m(a) = 7*a**2 + 16*a + 30. Let b(z) = 3*z**2 + 8*z + 14. Let c(u) = 5*b(u) - 2*m(u). Determine c(-5).
-5
Let f be (-275)/(-15) - (-4)/(-12). Suppose -3*r = 3*c - 3 - f, 2 = c. Let d(b) = -b + 6. Calculate d(r).
1
Let l(b) = -17*b + 8. Let n(i) = -14*i + 7. Let y(x) = -5*l(x) + 6*n(x). Calculate y(-8).
-6
Let m(n) = 206 + 203 - 386 - 2*n - 4*n. What is m(12)?
-49
Suppose -4*m = -9 - 3. Suppose -m = -3*p - 6. Let d = 3 - p. Let c(k) = k**2 + k - 4. Give c(d).
16
Let w(r) = -7*r - 3*r + 8*r + r. Calculate w(2).
-2
Let c(g) = -19*g - 4. Let w(m) = m + 2 + 3*m + 5*m. Let v(p) = -4*c(p) - 9*w(p). What is v(2)?
-12
Let l(m) = 13*m**3 - 22*m**2 - 33*m - 43. Let g(i) = -7*i**3 + 11*i**2 + 17*i + 22. Let y(p) = -11*g(p) - 6*l(p). Determine y(12).
4
Suppose 2*t - 4*z - 26 = 0, 4*t + 106 = 5*z + 140. Let y(s) be the second derivative of -s**5/10 - s**4/12 + s. Give y(t).
-3
Let u = 21 + -19. Let o(f) = -f**3 + 2*f**2 - 2*f + 2. Let v be o(u). Let y(t) = 6*t + 3. What is y(v)?
-9
Let i(u) = -4*u**2 + 7*u - 4. Let h = 1275 + -1273. Determine i(h).
-6
Let n(z) = -z**3 - 5*z**2 + 3*z + 4. Let p(x) = x**2 + 2*x - 6. Let u be p(-6). Let b = u - 16. Let m = b + -7. Calculate n(m).
-11
Let x(v) = -v**3 - 3*v**2 - v + 2. Let m